is x(-2)?
-18
Let j(n) = -7*n**2 + 20*n - 2. Let z be 280/72 - 120/135. Determine j(z).
-5
Let g be (2 + -3)/(4/(-8)). Suppose -3*q + 28 = -g. Let r(n) = n + q - 2 + n - 1. What is r(-7)?
-7
Let k(i) be the second derivative of -i**3/6 - i**2/2 + 2*i. Let y = 291 - 293. Let g(l) = -l - 1. Let n(v) = y*k(v) + 3*g(v). Give n(-7).
6
Suppose -b + 0 - 6 = -5*v, -2*b = -2*v + 4. Let i be (v - (-4)/1) + -2. Let n be i/(-12) + 3/12. Let q(u) = -u + 5. What is q(n)?
5
Let y(f) = -f**2 - 3*f - 5. Let v be (-6 + 7 + 0)*(0 + 5). Suppose -5*s + 2 + 3 = -5*x, -v*x = -4*s + 7. What is y(x)?
-5
Let g = -25 - -23. Let n(i) be the third derivative of i**6/40 + i**5/30 - i**3/3 + 37*i**2 + 2. Calculate n(g).
-18
Let q(s) = -s**3 + 3*s**2 + s + 4. Let g(f) = 2*f**3 - 4*f**2 - 2*f - 5. Let a(z) = 2*g(z) + 3*q(z). Suppose 0 = 4*j, -329*n + 3*j = -334*n. What is a(n)?
2
Let w(v) be the first derivative of v**3/3 - 11*v**2/2 - 9*v + 386. Let b(h) = h**3 + 2*h**2 - 8*h - 4. Let p be b(-3). Determine w(p).
-9
Let v(j) = 2*j**3 - 5*j**2 - 5. Let o(t) = -366*t - 3291. Let k be o(-9). What is v(k)?
4
Let a(q) = -q**3 - 10*q**2 - q - 4. Suppose -14*g + 20 = -4*g. Suppose -2*z - g*o - 24 = 0, -8*z - 4*o = -6*z + 28. Determine a(z).
6
Let u(b) = -16*b**2 - b**3 + 115*b - 11*b - 89*b - 38. Calculate u(-17).
-4
Let u(m) = -53*m + 86 + 24*m + 18*m + 24*m. Let r be u(-7). Let g(t) = -t**2 - 5*t - 2. Determine g(r).
-2
Let b(o) be the first derivative of -o**4/4 + 3*o**3 - 17*o**2/2 + 11*o + 1336. Calculate b(7).
-10
Let h(x) = x + 15. Let m(y) = 28*y**2 - 6*y - 4. Let z be m(-1). Let q = -30 + z. Determine h(q).
15
Let w(g) = g**2 - 3*g + 3. Let s = 30 - 44. Let z = s - -23. Suppose t + 9 = 2*t - 2*a, 0 = -2*t + a + z. Determine w(t).
3
Let k(i) = -i**2 - 7*i - 1. Let r(j) = j**3 + 15*j**2 + 54*j - 4. Let p be (8 - (-80)/(-12))/(2/(-9)). Let u be r(p). Calculate k(u).
11
Let r = 7071 + -7057. Let k(a) = -17*a + 234. What is k(r)?
-4
Let a(p) = 8 + 18*p - 57*p**2 - 12*p + 24*p**2 + 25*p**2. Calculate a(-1).
-6
Let f(o) = o**3 - o**2 - 3. Let v be f(4). Let n be (-18)/v + (-51)/(-15). Suppose n*s + 2*d = -0*s - 18, -30 = 5*s + d. Let r(m) = -2*m**2 - 8*m. What is r(s)?
-24
Suppose 3*l + 0*l = 9. Let p(o) = 3 + 18*o**2 - l*o - 16*o**2 - 3*o**2. Let j(a) = a**3 - 5*a**2 + 4*a + 2. Let r be j(4). Determine p(r).
-7
Let n(k) be the second derivative of k**4/12 - 7*k**3/6 + 5*k**2/2 - 1172*k. Suppose -4*d + 43 - 15 = 0. What is n(d)?
5
Let f(c) = -9*c**3 + 3*c**2 + 3*c + 4. Let d(p) = 7*p**3 - p**2 - 5*p - 2. Let m(i) = 4*d(i) + 3*f(i). Calculate m(-7).
-17
Let a(v) = v**3 + 9*v**2 + 6. Suppose 0 = 6*w + 5*w - 55. Suppose 6*d = -11 + w. Let h be (d - (-3 + 1))*(-10 + 1). Determine a(h).
6
Let f(l) be the first derivative of -l**4/12 - l**3/6 + 27*l**2/2 + 51. Let d(i) be the second derivative of f(i). Let t = 30 + -32. What is d(t)?
3
Let s(q) = 3*q**3 - 19*q**2 + q + 2. Let c(f) = -4*f**3 + 22*f**2 - f - 3. Let g(h) = 4*c(h) + 5*s(h). Calculate g(-6).
-44
Let z(k) be the second derivative of -2*k**3/3 - k**2/2 - 8*k - 15. Give z(-2).
7
Let a be 2*-5*(-7)/5. Let o(l) = a*l**2 + 2*l + l**3 + 6*l - 64 + 55 + 4*l. Determine o(-13).
4
Let h(o) = 6*o**2 - 8*o - 3*o**2 - 2*o**2 + 4. Let r = -155 - -105. Let l = -44 - r. What is h(l)?
-8
Let o(t) be the third derivative of 1/4*t**4 + 1/120*t**6 + 0*t - 3*t**2 + 0 - 2/3*t**3 - 7/60*t**5. Let l = -457 + 463. Give o(l).
-4
Let v(o) = -o**2 - 4*o + 3. Suppose 0 = -74*m + 140*m + 264. Give v(m).
3
Let v(f) be the second derivative of -13*f**3/6 - 19*f**2/2 + 742*f. Give v(-6).
59
Let x(g) = 4 - 2*g**2 + 3*g + 1 + g**2. Let t = 8413 + -8407. What is x(t)?
-13
Let a(b) = -11*b**2 - 4*b + 2. Let k = 1155 + -1152. What is a(k)?
-109
Let h be (3/9)/((-5)/(-45)). Let p be 1/((h/9)/1). Suppose -3*f = -4*f - p. Let y(w) = w**2 + 3*w + 2. Give y(f).
2
Let w(s) = -3*s**2 + 12. Suppose 89*f - 2219 = -1774. What is w(f)?
-63
Let i(c) = -26*c**2 + 78*c - 5. Suppose 146*l - 223 = -7*l + 236. Give i(l).
-5
Let g(z) be the first derivative of -z**7/840 - z**6/90 + z**5/60 - z**4/6 + 142*z**3/3 - 298. Let y(t) be the third derivative of g(t). Determine y(-4).
-12
Let u(f) = -2*f**2 - 29*f + 3. Let j(a) = -34*a - 81*a**2 - 101*a**2 + 179*a**2 + 3. Let d(m) = -4*j(m) + 5*u(m). Give d(6).
21
Let r = 2855 + -2863. Let p(h) = -h**2 - 9*h - 8. What is p(r)?
0
Let m(s) = s - 2. Suppose -5 = -92*q + 91*q. Suppose -j = 3*k - 5, 2*k + 14*j - q = 13*j. Give m(k).
-2
Let f(s) = -s + 5. Let x(j) = 2. Let i = -80 - -79. Let c(d) = i*f(d) + 3*x(d). Let w be 2 + (-1 - 0) - -2. Determine c(w).
4
Let g(x) = x. Suppose 2*k + 175 = -j, 3*j = 2*k - 0*k + 179. Let p be ((-372)/20)/((-1)/(-5)). Let z = p - k. Give g(z).
-5
Let s(r) = r**2 + 4*r - 4. Suppose -24*d - 342 = -33*d. Suppose 256 = -d*q + 66. Determine s(q).
1
Suppose 2*n + 5*u + 8 = 0, 3*n - 5*u = -2*n + 15. Let k(q) = -8*q**2 - q**3 + n - 2 + 9*q - 2 - 17*q. Calculate k(-7).
4
Let t(p) = -17*p - 46. Let m(u) = 64*u + 184. Let l(v) = -4*m(v) - 15*t(v). Determine l(-32).
-14
Let z(j) = -86*j + 776. Let p be z(9). Let i(k) = 21*k - 2. Give i(p).
40
Suppose h = 4*x - 24, -x = 2*x - 3*h - 27. Let n(m) = 10*m + 7. Give n(x).
57
Suppose 4*o - 10 = 26. Let z(d) = -8*d**2 - d - 2. Let c be z(2). Let p be (0 - o)*(-24)/c. Let l(j) = -j**3 - 6*j**2 - 2*j - 6. Calculate l(p).
6
Let t(p) be the third derivative of p**6/30 + 17*p**5/60 + p**4/3 + 4*p**3/3 - 272*p**2 - 8. Calculate t(-4).
-8
Let d(c) = 9 + c**2 + 2662*c - 19 - 2666*c + 15. Give d(4).
5
Let p = 88 - 88. Suppose 14 = -2*a + 4*q, a = -p*a - 4*q + 23. Let f(j) be the first derivative of j**3/3 + 3*j**2/2 + 2*j - 2. Give f(a).
20
Let w(z) = -z + 4. Let x be 6/4 + -3 + 10/4. Let h(b) = 4*b**2 - 4*b + 2. Let n be h(x). Suppose y - 10*y = -n*y. Give w(y).
4
Let i(d) = -19*d**2 + 24 + d**3 + 0 - 2*d**2 + d - 83 - 15*d**2. Give i(36).
-23
Let t be 90/20 + (-2)/(-4). Let b(q) = -q + 1. Let g be (2/(-4))/(2 - 9/6). Let h(k) = 1. Let a(o) = g*h(o) - 2*b(o). Calculate a(t).
7
Let n = 36 + -41. Let f = 8 + n. Let c(g) = 14 - 4 - 9 + f*g. Determine c(-2).
-5
Let m(x) = x**3 - 8*x**2 + 7*x - 1. Let i(j) = 19*j - 7. Let f be i(4). Let b be ((-8)/(-10))/(4/(-310)). Let y = b + f. Give m(y).
-1
Let i = -143 - -140. Let g be 5/(-10) - (-14)/(-12)*i. Let w(s) = -3 + 2 - s - s**3 - s + 4*s**2. What is w(g)?
2
Let k(m) = -4*m**3 + m**2 - 4*m + 4. Let a = -121 - -122. Let f be k(a). Let s(l) = -l. Let q(j) = j**2 - 5*j + 3. Let n(x) = -q(x) + 3*s(x). Determine n(f).
-18
Let t = 208 + -73. Let d(y) = 412 - 141 - 132 - t + 11*y. Determine d(-2).
-18
Let i(m) = 7*m**2 + 6*m - 4. Let f(a) = 6*a**2 + 6*a - 5. Let d(x) = -6*f(x) + 5*i(x). Let t be d(-7). Let v(y) = y**3 - 3*y**2 + 3*y + 4. Determine v(t).
13
Let n(y) = 3*y + 81. Let d(a) = -16*a - 450. Let v(g) = 2*d(g) + 11*n(g). Give v(-8).
-17
Let i(l) = l**2 - l. Let j(a) = -5*a**3 + 4*a**2 - 3*a. Let w(d) = 3*i(d) - j(d). Let y = 889 + -896. Let q be (-2)/(y/(-49)*14). Give w(q).
-6
Let v(h) = 4*h - 16. Let d be ((-150)/(-50))/(3/(-4) + 0). Let q(j) = 4*j - 11. Let f(y) = d*q(y) + 3*v(y). Calculate f(-4).
12
Let p = 7 - 15. Let x(l) be the third derivative of -l**4/24 - 3*l**3/2 - 72*l**2 - 10. Calculate x(p).
-1
Let a(j) = -j**2 - 10*j - 12. Let w be a(-2). Suppose w = -4*k - 5*n, 3*k + 4*n - n = -6. Let q(u) = -u**3 - 6*u**2 + u - 7. Calculate q(k).
-13
Suppose 5*x - 7*x = -2. Suppose 2*n = -d + 4, -3*d + 5 - x = 4*n. Let m(h) = 161*h - 2 - 53*h - 49*h - 57*h. Calculate m(n).
6
Let g(w) be the second derivative of w**5/10 + 5*w**4/12 + w**3/3 - 2*w**2 + 19720*w. Let u = 5 + -8. Give g(u).
-19
Let a be ((-66)/6 - 0)/(-4 + 3). Let c(w) = -w - 5. Give c(a).
-16
Suppose -2*a - 3*b = -13, 4*a + b + 2*b - 11 = 0. Let j(v) be the second derivative of 0 + 1/5*v**5 + 1/12*v**4 + 1/6*v**3 + 12*v + 1/2*v**2. Determine j(a).
-3
Let c(w) = -14*w - 5. Suppose 2*l - 4*r = 4, 3*l - 3 = -3*r - 33. Calculate c(l).
79
Let d(x) = 7*x**2 - 2*x - 1. Let a = 23 + -11. Let b(n) = 11*n**2 + n - 1. Let w be b(1). Let m = w - a. Determine d(m).
8
Let g(x) = 15*x**3 - 8*x**2 + 2*x + 3. Let t(l) = -25*l**2 + 765*l + 312. Let u be t(31). Determine g(u).
95
Let d be (-6 + 80/3)/(2/3). Let u(y) = 5*y - 170. Give u(d).
-15
Let l(c) be the second derivative of 17*c + c**2 + 